 = y*c(v) - 2*j(v). Determine i(o).
-4
Let h(u) be the first derivative of -u**3/3 - 11*u**2/2 - 24*u + 379. Calculate h(-5).
6
Let x(h) be the second derivative of -h**7/840 + h**6/90 - h**4/6 + 8*h**3/3 + 12*h. Let j(v) be the second derivative of x(v). Determine j(4).
-4
Let o(h) = -h**3 - 3*h**2 - 2*h. Let w be (-7 - -5) + -4 - -2. Determine o(w).
24
Suppose -6*q + 5*q - 3 = 0. Let j be 2*q*(6 + 85/(-15)). Let c(f) = 4*f**2 + 2*f - 1. Give c(j).
11
Let p be ((-12)/(-2) + 0)/(150/100). Let x(i) = -9*i - 4. What is x(p)?
-40
Let v(u) = 2*u**3 - 22*u**2 + 23*u - 2. Let c(q) = -q**3 + 1. Let x(z) = 3*c(z) + v(z). Determine x(-23).
1
Let t = -86 + 88. Let s(z) = -2*z + 3 - 10 + t + 4. Give s(-6).
11
Let b(q) = 11*q - 91 + 42 - 3*q**2 + 2*q**2 + 42. Determine b(10).
3
Let j(l) = -3*l**2 + 3*l**3 - 1 + 5*l - 2*l**3 - 4*l**2. Let z(b) = -b**2 + 45*b + 202. Let o be z(49). What is j(o)?
-7
Let v(q) = -1. Let y(x) = -9*x. Let u(j) = -3*v(j) + y(j). Determine u(2).
-15
Let n(a) = -4*a**3 - 8*a**2 + 3*a - 4. Let b(x) = 11*x**3 + 23*x**2 - 8*x + 11. Let s(i) = -3*b(i) - 8*n(i). Suppose 2*v = 5*v + 12. What is s(v)?
-17
Let s(v) be the second derivative of v**3/3 + 5*v**2/2 + 27*v. Suppose -2*l - 5*c - 30 = 0, c + 37 = -5*l - 2*c. Determine s(l).
-5
Let o(d) = -d - 8. Let s(w) = 3*w + 31. Let a(h) = -4*o(h) - s(h). What is a(6)?
7
Let q(y) = 4*y**2 + y**2 - 495 + y**3 - 493 + 977 + y**2 - 17*y. Determine q(-8).
-3
Let h = 1302 - 1288. Let z(q) = -q**2 + 15*q - 15. Give z(h).
-1
Let f(d) = -d**3 + 8*d**2 - 5*d + 2. Let x(q) = q**3 - 4*q**2 + 15*q - 94. Let a be x(5). Give f(a).
44
Let p(l) = -3*l - 1 + 2*l - 4 + 1. Let u be p(-6). Let m be u/(-3) + 26/(-6). Let i(r) = 3*r + 2. What is i(m)?
-13
Let v be ((-225)/30)/(1/(-10)) - -2. Let q = -78 + v. Let t(b) = -9*b**3 - 2*b**2 - 2*b - 1. What is t(q)?
8
Let d be (-6)/(-21) - (-44)/(-7). Let i be 3/((d/(-4))/(-1)). Let l be i/(-4) - 135/18. Let h(n) = -n**2 - 8*n - 2. Give h(l).
5
Let c(s) = s. Let f = -820 - -829. Determine c(f).
9
Suppose -11*z + 12*z = 0. Suppose 0 = -x - 5*q + 21, z*x - x + 5 = q. Let v(d) = 9*d**2 + d - 1. Determine v(x).
9
Let u = -48 + 54. Suppose a = -6*x + 4*x, 3*a + u = -4*x. Let i(b) = -b**3 - 7*b**2 - 7*b + 8. Calculate i(a).
14
Let r(g) be the second derivative of g**4/6 + 4*g**3/3 + 2*g**2 - 160*g. Let i be 74/(-14) - 4/(-14). Give r(i).
14
Let t be 62/(-961) + (-153)/31. Let l(s) = -s**2 - 10*s + 2. Give l(t).
27
Let q(t) = -t**2 + 8*t - 4. Let g = 585 + -577. Give q(g).
-4
Let j(i) = -3*i**2 - i - 6. Let s(v) = v**2 + 1. Let h(u) = j(u) + 5*s(u). Suppose 2*p + 8 = -3*m, 4*p = 14*m - 19*m - 14. Calculate h(m).
9
Let b(c) = 8*c - 6. Suppose -26*s = 24*s + 400. Determine b(s).
-70
Let c(t) = t**3 + 3*t**2 - 7*t - 10. Let f be c(-4). Let r(o) = -5 + o**2 - 2*o + f - 4 - 2*o. Let d = -11 - -17. What is r(d)?
5
Let q(o) = -13*o**3 + 2*o - 1. Let l = -52 - -86. Let n = l + -33. Determine q(n).
-12
Let v(d) be the first derivative of -2/3*d**3 - 5/2*d**2 + 1/4*d**4 - 6 + 4*d. Determine v(3).
-2
Let s(v) = -4 - 4 + 5 + 2*v. Let q(w) = -2*w + 30. Let b be q(13). Suppose b*p - d + 5*d = -4, 15 = -3*p + d. Calculate s(p).
-11
Let h(a) = a**3 + a**2 + 20. Let s = 4 + 5. Suppose 5*q = s*q. Calculate h(q).
20
Let y(k) = 0*k + 7 + k - 23 - 105*k**2 - k**3 + 125*k**2. Give y(20).
4
Let t(g) = -3*g**3 + g**2 + g. Let c be t(-1). Let k(m) = -c + 0*m - m - 2 + 1. Suppose -17*b + b = -48. Give k(b).
-7
Let h(a) = -6*a - 10. Let n(b) = -130*b + 259. Let r be n(2). What is h(r)?
-4
Let i(c) be the first derivative of 2*c**3/3 + 2*c**2 + 2*c - 6. Let g(v) = v - 10. Let h be g(8). Give i(h).
2
Let z(x) = -2*x**2 - 5*x - 3. Suppose 6*q = 8*q + 6. What is z(q)?
-6
Let p(n) = 9*n + 2. Let s(o) = o**3 - 9*o**2 - 18*o - 6. Let k(l) = 3*l**3 - 28*l**2 - 53*l - 17. Let d(b) = 4*k(b) - 11*s(b). Let m be d(14). Give p(m).
-16
Let k = 3 - -23. Let h(t) = -k*t + 6*t + 10*t + 3 + 4*t. Determine h(3).
-15
Suppose 5*f - 13*u - 42 = -17*u, -3*u = -5*f + 56. Let x(o) = 6*o - 59. What is x(f)?
1
Let w = -10 - -5. Let k(l) = -58634*l - 3 + 1 + 58633*l. Give k(w).
3
Let t(w) = w + 2. Suppose 3*v - 4*c = 0, -102*v = -99*v - 3*c - 3. Give t(v).
6
Let w(d) = 4*d + 2. Let n be w(-2). Let g(a) = a + 18. Let c(p) = -3*p - 52. Let k(b) = 3*c(b) + 8*g(b). What is k(n)?
-6
Let s(u) = 8*u + 2464 - 4921 + 9*u**2 + u**3 + 2460. Determine s(-8).
3
Suppose -7 + 23 = 3*j - 4*k, -5*j + 4*k + 24 = 0. Let n be (-3)/(30/j)*5. Let i(g) = -132 + 290 - 157 + 2*g. What is i(n)?
-3
Let l(h) = 20*h**2 + 2*h + 1. Let p be 0 + -4 + 3 + 4 - 4. What is l(p)?
19
Suppose 2*u - 4 - 4 = 0. Let j(y) = 11*y**3 - 7*y**2 + 15*y + 1. Let r(v) = 7*v**3 - 5*v**2 + 10*v + 1. Let b(z) = -5*j(z) + 8*r(z). Give b(u).
7
Let p(n) = -2*n + 3. Suppose -8 - 7 = -3*j. Suppose 2*c = j*z - c - 9, -z + 4*c = 5. Let x = z - 0. Give p(x).
-3
Suppose 3*z - 3*s = 2*s, 5*s = 2*z. Let k be (17 - 16) + 1 + z. Suppose -3*h - k = 1. Let i(v) = -5*v**2. Calculate i(h).
-5
Let m(h) = -2*h**2 - 4 + 3*h**2 - 4*h - 2*h**2. Suppose -2*p - 3*p + 6 = -4*y, -5*p + 5*y = -5. Suppose 3*d + 17 = p*r, 5*r - 11 = d + 12. Calculate m(d).
-1
Let p(v) = -4*v**3 + 2*v + 2. Let d(w) = -3*w**3 + w + 1. Let s(b) = -3*d(b) + 2*p(b). Calculate s(-1).
-1
Let t = 35 + -56. Let g be (0 - (-8)/(-12))/(6/207). Let b = g - t. Let o(a) = -3*a**2 - a + 2. Give o(b).
-8
Suppose -4*c - 2 = 5*g, 4*g + 4*c = c - 1. Suppose -d - 14 = -g*o, -5*d = -3*o - o + 40. Let s(x) = -5 + 2 + 2 - o*x - 2*x. Calculate s(-1).
6
Let x(v) = 12*v**3 - 6*v + 6*v**3 - v + 5*v + 7 - 8. What is x(-1)?
-17
Let d(g) = 2*g**2 - 8*g + 3. Suppose -9 + 1 = -2*c, i + 2*c = 13. Give d(i).
13
Suppose 0 = 7*x + 362 - 292. Let b(g) = -2*g - 15. Determine b(x).
5
Let z = 6 - 3. Let n(i) = i**2 + i - 1. Let c be (-1 + -2 - -2) + 2. Let k(o) = -o**3 - o**2 - 3*o + 6. Let l(y) = c*k(y) + z*n(y). Give l(3).
-6
Let n be (-3)/(-1 - (2 + -2)). Let j(z) be the first derivative of z**3/6 + 3*z**2/2 + z + 7. Let q(l) be the first derivative of j(l). What is q(n)?
6
Let r(w) be the third derivative of 5*w**4/12 + w**3 - 21*w**2. Let h(c) = c + 1. Let z(o) = -18*h(o) + 2*r(o). What is z(-5)?
-16
Let q(m) = m**2 + 6*m - 6. Let p be q(-6). Let i(o) = -2*o**3 - 5*o - 7 + o**3 + 9169*o**2 - 9175*o**2 + 3*o. Calculate i(p).
5
Let k(g) = g**2 + g - 1. Let o(n) = n**3 - 4*n**2 + 8*n - 9. Let y(z) = 2*k(z) - o(z). Let b = 0 + 5. Determine y(b).
2
Let x be ((-18)/4)/(54/72). Let v(t) be the third derivative of -t**5/60 - 5*t**4/24 - t**3/6 - 28*t**2. What is v(x)?
-7
Let h(b) be the second derivative of -b**6/720 - b**5/30 - b**4/3 + 5*b. Let w(s) be the third derivative of h(s). Give w(-4).
0
Let w(o) be the third derivative of o**6/30 - o**5/20 + o**4/8 - o**3/2 + 2*o**2 + 77. Let f = -10 + 12. What is w(f)?
23
Let z(a) = a - 2. Let p(y) = -y**2 - 2*y - 6. Let s(t) = -p(t) + 3*z(t). What is s(-5)?
0
Let f(g) be the third derivative of -g**5/60 - 7*g**4/24 - g**3/6 - 3*g**2. Suppose -2*m + 5 = -3. Suppose -m*r - 2 = 22. Determine f(r).
5
Let b(o) be the second derivative of 1/12*o**4 + 3/2*o**2 + 0 - 3/2*o**3 - 6*o. Calculate b(8).
-5
Let z(g) = -4*g**2 - g + 4. Let l(f) = 7*f**2 + f - 8. Let c(m) = -3*l(m) - 5*z(m). Let b be (1/1)/((-7)/(-70)). Let p = b + -5. Determine c(p).
-11
Let n(x) be the first derivative of -x**4/4 - x**2/2 + 2*x - 12. Determine n(-2).
12
Let b(d) be the third derivative of -d**5/60 - d**4/4 + 14*d**3/3 + 9*d**2. Let q be b(-9). Let j(i) = -7*i**3 + i - 1. Give j(q).
-7
Suppose -64 = -0*p - 2*p. Suppose -2*t = 2*t, 2*i = 5*t - p. Let y be (-4)/i + (-26)/8. Let h(s) = s**3 + 3*s**2 + 3*s + 4. Determine h(y).
-5
Suppose 2*s = 3*y + 2 + 19, 0 = -s - 3*y - 3. Let r(n) = n - 13. Let t(f) = f - 14. Let j(v) = s*t(v) - 7*r(v). Let h = -18 + 18. Determine j(h).
7
Let d(t) be the first derivative of t**3/3 - 9*t**2/2 + 9*t + 278. What is d(7)?
-5
Let v = -25 + 27. Suppose i - v*a = 1, -3*i = -4*i - 3*a + 1. Let x(c) = -6*c + 0 - c + 1. Give x(i).
-6
Let o be 15/(-30)*6/(-1)*-1. Let j(k) = -k**2 + 5*k + 4. Let r = -6 + 13. Let b(h) = 2*h + 2. Let s(a) = o*j(a) + r*b(a). What is s(2)?
12
Let t(g) be the second derivative of -g**5/20 - g**4 - 3*g**3/2 + 23*g**2/2 + g + 91. Give t(-11).
1
Let s(k) = -k**3 + 9*k**2 - 10*k - 5. Let b be s(8). Let i b